- i**3/6 - 2*i**2. Is h(p) prime?
False
Let n(q) = -13151*q - 24. Is n(-1) composite?
False
Let u = 15 - 9. Let d(r) = -u + 14*r + 1 + 2. Is d(5) a prime number?
True
Let z(l) = 9*l**2 - 43. Let n be z(-8). Suppose -745 = -9*g + n. Is g composite?
True
Suppose 3 + 6 = 3*m, 4*x + 10 = -2*m. Let j(n) = -n**3 - 3*n**2 + 5*n. Let o be j(x). Is (156/8)/((-3)/o) prime?
False
Let f(x) = 13*x**2 - 5*x - 3. Suppose -16 = -3*m + 2*j - 3*j, 4*m = 2*j + 8. Is f(m) composite?
True
Let f be -2*(-1720)/12*6/8. Let b = 438 - f. Is b composite?
False
Suppose 2*c = -5*s + 346, -5*c = -4*s + 200 - 1131. Suppose 5*d - c = 342. Suppose v + 4*v = d. Is v a prime number?
False
Let l = 2 + -9. Let p = l + 3. Let o(j) = -3*j**3 - 4*j**2 - 5*j + 1. Is o(p) a composite number?
False
Let f(g) = g - 6. Let w be f(-7). Let q = -9 - w. Suppose m = 7*n - 3*n - 704, -3*n = -q*m - 515. Is n composite?
True
Suppose -601*j = -604*j + 30867. Is j a composite number?
False
Let n be 76/14 + 63/(-147). Suppose 4*f - n*f = 3*c - 45, 4*c = -8. Is f prime?
False
Suppose -8491 = -j - 5*z, 4*j - z = 3*z + 34012. Is j a prime number?
True
Suppose -4*f + 3*f = 5*p + 28, -f + 5*p + 22 = 0. Let o(l) = l + 3. Let c be o(f). Suppose 2*t + c*t - 358 = 0. Is t composite?
False
Is 1 + 3423 + 150 + -147 a prime number?
False
Let r = 17507 - 12258. Is r a composite number?
True
Let t = 5 - 1. Suppose -4*r + 2*s = -1782, -11 = 3*s + t. Is r composite?
False
Let l(m) be the second derivative of -m**5/20 + m**4 - m**3/6 + 6*m**2 + 5*m. Let o be l(12). Suppose o = 2*b - 561 + 43. Is b a composite number?
True
Suppose 16*o - 5*f + 73978 = 20*o, 0 = -5*f - 10. Is o prime?
False
Let h(n) = -n**2 - 6*n + 2. Let j be h(-5). Suppose 2*b = j*b. Suppose -5*g + 5*i + 680 = 0, 4*g + g + 5*i - 660 = b. Is g a composite number?
True
Let g(h) = h**3 - 6*h**2 + 7*h + 11. Suppose -3*v + 3 + 0 = -3*d, 2*v + 5*d + 5 = 0. Suppose -4 = o - 5*k + 4, 2*k - 6 = v. Is g(o) a composite number?
False
Let k = -451 + 654. Suppose 0 = 2*p, 5*y - k = 4*y - 5*p. Is y composite?
True
Let u = 14043 - 8250. Is u composite?
True
Let l(y) = -y - 3. Let g be l(-8). Suppose -3*c + 196 = 4*a, 3*c - 245 = -g*a + c. Is a composite?
True
Suppose -18*d = -17*d + 1133. Let u = -772 - d. Suppose 3*j - 5*p = -0*j + u, 3*p = -5*j + 647. Is j a composite number?
False
Let c(g) = g**3 + g**2 - g + 992. Let s be c(0). Is s - ((-9)/(-12) + (-1)/(-4)) prime?
True
Suppose 24*g - 19*g = 7355. Is g composite?
False
Is (0 + 1)/(-13*14/(-15332954)) composite?
False
Is (-3)/4 - (-954065)/28 prime?
False
Let f(k) = -2*k**3 + 23*k**2 - 2*k + 17. Let o be f(18). Let y = 6170 + o. Is y prime?
False
Is (185198/(-51))/(6/(-9)) a prime number?
False
Let g(n) = -678*n + 5. Let o(k) = -k**3 + 8*k**2 - 51. Let u be o(7). Is g(u) a composite number?
False
Suppose -17 = -3*y + 4*x, x + x + 4 = 0. Suppose -2*d - 2*g + 6*g + 410 = 0, 0 = y*d + g - 636. Is d composite?
False
Let b(w) = -49*w + 37. Let c(o) = 25*o - 19. Let x(l) = 6*b(l) + 13*c(l). Let t(d) = 3*d + 3. Let n be t(3). Is x(n) composite?
False
Is -36845*(-1)/(-2)*-2 a composite number?
True
Let r = -3 - 5. Is r + 378/45 + 4343/5 a prime number?
False
Let a(f) = 3*f**2 + 29*f - 91. Is a(19) prime?
True
Let y(c) = c**3 + c**2 + c + 1. Suppose -2*n = -n - 11. Suppose -4*q + l + n = -2*q, q + 3*l + 5 = 0. Is y(q) prime?
False
Suppose -35520 = -8*i + 55592. Is i a composite number?
True
Let c = 34018 + -13947. Is c composite?
False
Let c(r) = -142*r**3 + 6*r**2 - r - 1. Let n(p) = -284*p**3 + 11*p**2 - 3*p - 2. Let j(l) = 5*c(l) - 3*n(l). Let t be j(2). Suppose -t = -v - 456. Is v prime?
True
Let v(k) = 67*k + 13. Let n be v(20). Suppose -239 = 2*a - n. Is a a composite number?
False
Let b be 5/2*(-4932)/(-10). Suppose -3*c - b = -6*c. Is c prime?
False
Let d(w) = w**2 + 2*w + 5. Let h be d(0). Suppose 3*o - l - 1126 = 0, 2*o - h*o = -5*l - 1106. Is o a prime number?
False
Suppose 0 = 5*u + 2*s - 3147, 2*s + 1901 = 3*u - 0*s. Is u composite?
False
Let n(o) = -5*o**2. Suppose -3*p + 3 = 4*f, -3 - 1 = -4*p + 5*f. Let t be n(p). Is (-4 - t)*(-446)/(-2) prime?
True
Let k = -9 - 0. Let t = -122 - -272. Let g = k + t. Is g a prime number?
False
Suppose 4*t + 0*t = 6180. Let q = t - 862. Is q a composite number?
False
Suppose -2*d - 21*d + 25001 = 0. Is d composite?
False
Let j be (-11 - -13)*5/2. Suppose 2*p - 36 = j*p. Is ((-136)/10)/(p/30) a prime number?
False
Let p be 2 + (-7)/((-14)/8). Let q be (4886/p)/((-1)/(-3)). Suppose 3*u + f = q, 5*u + f - 6020 = -1947. Is u a composite number?
True
Let f(i) = 41*i**2 - 2*i - 4. Let j be f(3). Suppose -5*q + 23 = 13. Suppose 3*u - 3*x - j = -5*x, -4 = q*x. Is u a prime number?
False
Let f(d) be the first derivative of 10*d**3 + 5*d**2/2 + 5*d - 146. Let b be ((-2)/4)/(1/4). Is f(b) a composite number?
True
Is (-917370)/(-27) - 42/(-18) prime?
False
Let u = 466 - -936. Is u a composite number?
True
Let s(r) = r**3 + 3*r**2 - 2*r - 3. Let a be s(-3). Suppose -3*x + 9 = 0, -3*w = 2*x - 5*x - a. Suppose -w*v + 7*v = 615. Is v a prime number?
False
Suppose -2*f + 1598 = -i + 37781, 5*f - 10 = 0. Is i composite?
False
Let u(x) = -29*x - 2. Let p be u(-8). Suppose p = -3*r + 8*r. Let k = r + 9. Is k a prime number?
False
Let p = 2 - -13. Suppose -p*s = -14*s - 6. Suppose 0 = -4*f + f - s, f + 76 = 2*q. Is q a composite number?
False
Suppose 0 = 2442*j - 2441*j - 52985. Is j a composite number?
True
Let x = 55974 - 31133. Is x prime?
True
Suppose 0 = -4*n + 16, -3*n = -h + n - 13. Suppose -h*s = 3*p - 2733, 4*p = s + p - 919. Is s prime?
False
Let o(x) = 2*x - 1. Let p be ((-6)/10)/((-3)/15). Let g be o(p). Suppose 1036 + 149 = g*z. Is z a prime number?
False
Let k(m) = m**3 + 3*m**2 - 2*m. Let p be k(6). Suppose w = 4*z - 2*z - 1135, -4*z = 5*w - 2235. Let u = z - p. Is u a composite number?
True
Let j = -47 - -49. Suppose 3*q - 54 = k, -j*q = q + 4*k - 69. Is q composite?
False
Is (19 + -17)/((-4)/(-28802)) prime?
True
Let z(j) = 146*j - 2. Let r be z(-4). Is (4 + -5)*(-1 + r) composite?
False
Let d be 9/2*80/(-120). Let i(j) = j - 6 + 3*j**2 - 1 + 4. Is i(d) a prime number?
False
Let u(i) = i**3 - 12*i**2 - 14*i + 53. Suppose -4*o + 75 = 11. Is u(o) a composite number?
False
Suppose -j = -4*j - 243. Suppose 4*g + 56 + 16 = 0. Is 3794/18 + g/j a composite number?
False
Suppose 7679 = 5*a - 4*f, 3*a = 12*f - 14*f + 4603. Is a a prime number?
False
Suppose 5*x + 2*m - 20 = 0, -16 = 2*x - 2*m - 2*m. Suppose 0 = -0*o + 3*o, 0 = -x*p - 3*o + 44. Is p a prime number?
False
Let a = -90 - -126. Let i = 415 - a. Is i a composite number?
False
Let t(p) = -p + 1. Let o(w) = 47*w - 4. Let l(b) = o(b) + 3*t(b). Suppose -4 = -0*n - 2*n. Is l(n) prime?
False
Is (15986/(-8))/((-5)/20) prime?
True
Let n be (-3 - 169)*(-2)/4. Suppose 3*m + n = 4*m. Suppose 474 = 4*a + m. Is a a composite number?
False
Let a be (-54)/(-9)*(-3)/(-3)*-3. Let g = a - -1157. Is g composite?
True
Suppose -15*c + 18 = -18*c. Is (-3)/c*(446 + 1 + -1) a prime number?
True
Let z = 4 - 0. Suppose 0 = 3*b - n + 28, 5*n = z*b - 5 + 57. Let v(i) = 29*i**2 + 5*i - 17. Is v(b) a prime number?
False
Let b(r) = r**3 - 14*r**2 - r + 7. Let h be b(14). Let p(l) = 2*l**2 + 10*l + 9. Is p(h) a prime number?
True
Let n(v) = -5*v**2 + 5*v**2 + 3*v + v**2 + 6. Is n(5) composite?
True
Let s(z) = z - 1. Let t be s(4). Suppose -k = -3*a + t*k + 454, 5*a + 4*k - 810 = 0. Is (a/4)/(2/4) prime?
True
Let b = 41 + -37. Suppose -1382 = 4*n - 2*z - 4182, n = -b*z + 691. Is n a composite number?
True
Let j(m) = -35*m**2 + 8*m + 8. Let x(i) be the second derivative of 35*i**4/6 - 5*i**3/2 - 15*i**2/2 - 6*i. Let g(t) = 11*j(t) + 6*x(t). Is g(-3) prime?
False
Suppose 0 = -u - u + 6. Let g(v) = -2 - 2*v + v + u*v**2 - 3*v. Is g(-9) a prime number?
True
Let u be (-2 + 210/(-4))*2. Let z(q) = 5*q + 1. Let w be z(1). Let h = w - u. Is h prime?
False
Suppose 0*u + u = x + 2409, 3 = -x. Let c = u + 243. Is c a composite number?
True
Let h = 139 - 67. Let g be (3/9)/(3/h). Let z(b) = -b**3 + 12*b**2 - b + 5. Is z(g) a prime number?
False
Let a(x) = 5*x**2 + 6. Is a(-5) a prime number?
True
Let i be (-7)/((-28)/(-8)) + 421. Let x = i + -241. Is x prime?
False
Suppose -4*h + w = -812, 2*h - 5*h = -2*w - 609. Is h composite?
True
Is -2707*((-20)/(-2))/(4 - 6